or of 2826?
True
Is 800 a multiple of 16?
True
Is 4899 a multiple of 71?
True
Is 16 a factor of 1043?
False
Is 318 a factor of 1908?
True
Is 17 a factor of 17357?
True
Is 7834 a multiple of 256?
False
Is 7016 a multiple of 8?
True
Is 56 a factor of 236?
False
Is 26 a factor of 494?
True
Does 10 divide 324?
False
Does 22 divide 1730?
False
Is 16 a factor of 35574?
False
Is 195 a multiple of 7?
False
Is 41 a factor of 5248?
True
Does 67 divide 10560?
False
Is 1426 a multiple of 62?
True
Does 50 divide 500?
True
Does 12 divide 21965?
False
Does 2 divide 1126?
True
Is 12 a factor of 1457?
False
Is 165 a multiple of 14?
False
Is 52 a multiple of 18?
False
Is 472 a multiple of 6?
False
Does 145 divide 1797?
False
Is 3 a factor of 4229?
False
Is 4 a factor of 676?
True
Is 749 a multiple of 7?
True
Does 11 divide 3586?
True
Is 10 a factor of 17?
False
Does 21 divide 3599?
False
Does 19 divide 4012?
False
Does 72 divide 103?
False
Does 35 divide 910?
True
Is 19943 a multiple of 16?
False
Is 9 a factor of 12488?
False
Is 2 a factor of 22?
True
Does 8 divide 2808?
True
Is 18 a factor of 144?
True
Does 43 divide 1634?
True
Is 15 a factor of 165?
True
Is 26 a factor of 93678?
True
Is 46882 a multiple of 53?
False
Does 45 divide 9360?
True
Is 19177 a multiple of 18?
False
Is 124 a factor of 22401?
False
Is 101 a factor of 9292?
True
Does 6 divide 802?
False
Is 5 a factor of 513?
False
Does 5 divide 46735?
True
Is 140 a factor of 28980?
True
Does 10 divide 17060?
True
Does 10 divide 48160?
True
Is 34801 a multiple of 250?
False
Is 351 a multiple of 48?
False
Is 15 a factor of 309?
False
Does 37 divide 11433?
True
Does 12 divide 3628?
False
Is 5412 a multiple of 20?
False
Is 624 a multiple of 48?
True
Is 23 a factor of 1142?
False
Is 28322 a multiple of 289?
True
Is 21053 a multiple of 55?
False
Does 100 divide 35911?
False
Does 8 divide 24179?
False
Is 17 a factor of 1020?
True
Is 2447 a multiple of 37?
False
Is 197 a factor of 7683?
True
Does 11 divide 1210?
True
Is 5 a factor of 23280?
True
Is 4 a factor of 5964?
True
Does 12 divide 28226?
False
Does 11 divide 204?
False
Is 39 a factor of 21340?
False
Is 110 a multiple of 9?
False
Does 36 divide 645?
False
Is 151 a factor of 14043?
True
Does 199 divide 7363?
True
Does 2 divide 130?
True
Does 122 divide 8553?
False
Is 110 a factor of 31900?
True
Does 16 divide 786?
False
Is 383 a multiple of 61?
False
Is 6734 a multiple of 74?
True
Is 463 a multiple of 36?
False
Is 2416 a multiple of 8?
True
Does 36 divide 58824?
True
Does 32 divide 226?
False
Does 14 divide 2562?
True
Does 26 divide 1254?
False
Is 5 a factor of 15?
True
Does 52 divide 28817?
False
Is 32 a factor of 9184?
True
Is 16 a factor of 69?
False
Is 315 a multiple of 35?
True
Is 19173 a multiple of 32?
False
Does 15 divide 41569?
False
Is 221 a factor of 106162?
False
Does 34 divide 38702?
False
Is 8 a factor of 7000?
True
Does 20 divide 532?
False
Does 25 divide 750?
True
Is 4 a factor of 490?
False
Does 17 divide 867?
True
Is 127 a multiple of 22?
False
Is 44 a factor of 660?
True
Is 19 a factor of 2596?
False
Does 40 divide 1136?
False
Is 19 a factor of 7069?
False
Is 36684 a multiple of 62?
False
Does 5 divide 81?
False
Is 81 a factor of 1761?
False
Is 20 a factor of 1387?
False
Is 30 a factor of 837?
False
Does 13 divide 2949?
False
Is 9 a factor of 669?
False
Is 41 a factor of 5535?
True
Is 1404 a multiple of 13?
True
Is 63 a factor of 23373?
True
Is 4525 a multiple of 131?
False
Is 26 a factor of 26?
True
Does 17 divide 18105?
True
Is 9000 a multiple of 12?
True
Is 65 a factor of 2275?
True
Is 80 a factor of 9067?
False
Is 18 a factor of 2322?
True
Is 333 a multiple of 7?
False
Does 6 divide 4494?
True
Is 21 a factor of 1163?
False
Is 51 a factor of 2295?
True
Does 23 divide 35736?
False
Is 2296 a multiple of 20?
False
Is 14 a factor of 2632?
True
Is 234 a multiple of 13?
True
Is 19 a factor of 1368?
True
Is 163 a factor of 815?
True
Does 11 divide 9930?
False
Does 34 divide 16572?
False
Does 40 divide 520?
True
Does 76 divide 9956?
True
Is 175 a multiple of 5?
True
Is 70 a factor of 5047?
False
Does 20 divide 760?
True
Is 12 a factor of 564?
True
Is 10 a factor of 230?
True
Is 24 a factor of 11688?
True
Is 162 even?
True
Is 37 a factor of 5513?
True
Is 17489 a multiple of 31?
False
Does 5 divide 495?
True
Is 5 a factor of 643?
False
Does 140 divide 4200?
True
Is 50 a factor of 486?
False
Does 11 divide 18231?
False
Does 24 divide 41881?
False
Is 66 a factor of 66?
True
Is 650 a multiple of 25?
True
Is 9 a factor of 81798?
False
Is 25 a factor of 700?
True
Is 18 a factor of 5094?
True
Is 1861 a multiple of 19?
False
Is 9 a factor of 1821?
False
Is 22 a factor of 966?
False
Is 46377 a multiple of 29?
False
Does 20 divide 16752?
False
Does 48 divide 572?
False
Is 14664 a multiple of 13?
True
Does 168 divide 9265?
False
Does 30 divide 77597?
False
Is 47 even?
False
Is 57 a factor of 1197?
True
Does 4 divide 510?
False
Is 209 a factor of 89452?
True
Is 15 a factor of 26305?
False
Is 64014 a multiple of 47?
True
Does 28 divide 4648?
True
Is 27 a factor of 324?
True
Is 8 a factor of 21?
False
Is 42448 a multiple of 56?
True
Is 7095 a multiple of 129?
True
Does 21 divide 31676?
False
Is 3 a factor of 136?
False
Does 9 divide 14921?
False
Is 5 a factor of 919?
False
Is 44 a factor of 106?
False
Does 69 divide 35427?
False
Is 17 a factor of 663?
True
Does 14 divide 7087?
False
Does 26 divide 390?
True
Does 46 divide 10810?
True
Is 20382 a multiple of 143?
False
Does 41 divide 6585?
False
Is 5757 a multiple of 8?
False
Does 6 divide 4856?
False
Is 10077 even?
False
Is 153148 a multiple of 71?
False
Is 225 a factor of 15276?
False
Is 180 a multiple of 11?
False
Is 68 a factor of 1546?
False
Does 16 divide 37403?
False
Does 30 divide 360?
True
Is 50 a factor of 4500?
True
Is 7047 a multiple of 22?
False
Is 20 a factor of 7120?
True
Does 94 divide 9964?
True
Does 11 divide 9493?
True
Is 672 a multiple of 56?
True
Is 2 a factor of 38?
True
Is 2841 a multiple of 40?
False
Does 292 divide 46720?
True
Does 48 divide 142704?
True
Is 227 a factor of 33596?
True
Does 7 divide 154?
True
Does 18 divide 261?
False
Does 8 divide 4293?
False
Is 42 even?
True
Does 41 divide 738?
True
Does 61 divide 1143?
False
Is 213 a factor of 17937?
False
Is 6 a factor of 5553?
False
Is 372 a multiple of 11?
False
Is 7682 a multiple of 46?
True
Is 7 a factor of 1589?
True
Is 126 a multiple of 18?
True
Does 99 divide 21780?
True
Is 1809 a multiple of 67?
True
Does 11 divide 35579?
False
Is 30 a factor of 3085?
False
Is 10 a factor of 1198?
False
Does 30 divide 43865?
False
Is 14 a factor of 8942?
False
Is 5580 a multiple of 15?
True
Is 85 a factor of 1530?
True
Is 1157 a multiple of 5?
False
Is 44916 a multiple of 38?
True
Is 28 a factor of 3976?
True
Is 200 a multiple of 46?
False
Is 4 a factor of 6552?
True
Does 33 divide 2591?
False
Is 4359 a multiple of 13?
False
Is 103 a factor of 13905?
True
Is 22 a factor of 20482?
True
Is 3 a factor of 270?
True
Is 6 a factor of 778?
False
Is 13 a factor of 91?
True
Is 10417 a multiple of 150?
False
Is 19 a factor of 3760?
False
Is 15 a factor of 3767?
False
Is 10 a factor of 3980?
True
Is 510 a multiple of 6?
True
Is 16252 a multiple of 5?
False
Does 20 divide 153933?
False
Is 102 a factor of 45364?
False
Is 9 a factor of 14814?
True
Is 252 a multiple of 36?
True
Does 11 divide 20394?
True
Does 152 divide 17320?
False
Does 42 divide 7854?
True
Does 43 divide 1431?
False
Is 72696 a multiple of 13?
True
Does 104 divide 11648?
True
Is 29 a factor of 18792?
True
Is 18999 a multiple of 112?
False
Does 45 divide 14355?
True
Is 14 a factor of 4822?
False
Does 7 divide 399?
True
Is 554 a multiple of 22?
False
Does 2 divide 37?
False
Does 6 divide 4998?
True
Is 18 a factor of 1424?
False
Is 6 a factor of 246?
True
Is 101 a factor of 2727?
True
Does 56 divide 12656?
True
Is 230 a multiple of 46?
True
Is 13 a factor of 824?
False
Is 4 a factor of 956?
True
Does 80 divide 5760?
True
Is 169 a multiple of 13?
True
Is 103 a factor of 42848?
True
Does 89 divide 356?
True
Is 85960 a multiple of 28?
True
Does 29 divide 9396?
True
Is 60 a factor of 3120?
True
Is 770 a multiple of 53?
False
Is 94406 a multiple of 18?
False
Is 50 a factor of 3850?
True
Doe